{"id":109,"date":"2019-02-14T00:09:55","date_gmt":"2019-02-13T23:09:55","guid":{"rendered":"https:\/\/tienda.araecbd.shop\/blog\/?page_id=109"},"modified":"2019-02-17T00:45:02","modified_gmt":"2019-02-16T23:45:02","slug":"que-es-el-cbd","status":"publish","type":"page","link":"https:\/\/araecbd.shop\/blog\/que-es-el-cbd\/","title":{"rendered":"\u00bfQu\u00e9 es el CBD?"},"content":{"rendered":"<p>El canabidiol (CBD) es uno de los compuestos qu\u00edmicos m\u00e1s abundantes en la planta de cannabis. A diferencia de la mol\u00e9cula m\u00e1s famosa, el tetrahidrocannabinol (THC), el CBD es absolutamente una sustancia no psicotr\u00f3pica.<\/p>\n<p>Es el cannabinoide por excelencia extra\u00eddo de los quimiotipos de cannabis no narc\u00f3tico, como puede ser el c\u00e1\u00f1amo industrial bajo en THC.<\/p>\n<p>La planta de c\u00e1\u00f1amo, cultivada desde hace m\u00e1s de 6000 a\u00f1os en China, produce m\u00e1s de 400 compuestos org\u00e1nicos, algunos de los cuales se corresponden con los dos grandes grupos estudiados en el cannabis, como son los fitocannabinoides, exclusivos del cannabis, y los terpenos, siendo el CBD uno de los cannabinoides de moda m\u00e1s estudiados en los \u00faltimos a\u00f1os.<\/p>\n<p>Los cannabinoides son compuestos que pueden influir en el funcionamiento del sistema nervioso humano entre otros tejidos, siendo los los cannabinoides con mayor actividad biol\u00f3gica el THC, CBD, y CBG, los cuales difieren en su relaci\u00f3n estructura-actividad, compartiendo acciones comunes y contrapuestas a la vez, que dependen de sus mezclas, sus ratios y sus dosis.<\/p>\n<p>El CBD tiene muchas aplicaciones terap\u00e9uticas potenciales, siendo el efecto relajante que proporciona una gran ayuda para relajarse.<\/p>\n<figure id=\"attachment_96\" aria-describedby=\"caption-attachment-96\" style=\"width: 518px\" class=\"wp-caption alignnone\"><img loading=\"lazy\" decoding=\"async\" class=\"wp-image-96 size-full\" src=\"https:\/\/araecbd.shop\/blog\/wp-content\/uploads\/molecula-cbd-representada-modelo-bolas-varillas.jpg\" alt=\"Mol\u00e9cula de CBD representada con modelo de bolas y varillas.\" width=\"528\" height=\"263\" \/><figcaption id=\"caption-attachment-96\" class=\"wp-caption-text\">Mol\u00e9cula de CBD representada con modelo de bolas y varillas.<\/figcaption><\/figure>\n","protected":false},"excerpt":{"rendered":"<p>El canabidiol (CBD) es uno de los compuestos qu\u00edmicos m\u00e1s abundantes en la planta de cannabis. A diferencia de la mol\u00e9cula m\u00e1s famosa, el tetrahidrocannabinol (THC), el CBD es absolutamente &#8230; <\/p>\n<p class=\"read-more-container\"><a title=\"\u00bfQu\u00e9 es el CBD?\" class=\"read-more button\" href=\"https:\/\/araecbd.shop\/blog\/que-es-el-cbd\/#more-109\" aria-label=\"Read more about \u00bfQu\u00e9 es el CBD?\">Read more<\/a><\/p>\n","protected":false},"author":1,"featured_media":0,"parent":0,"menu_order":10,"comment_status":"closed","ping_status":"closed","template":"","meta":{"_exactmetrics_skip_tracking":false,"_exactmetrics_sitenote_active":false,"_exactmetrics_sitenote_note":"","_exactmetrics_sitenote_category":0,"footnotes":""},"class_list":["post-109","page","type-page","status-publish"],"yoast_head":"<!-- This site is optimized with the Yoast SEO plugin v27.4 - https:\/\/yoast.com\/product\/yoast-seo-wordpress\/ -->\n<title>\u25b7 \u00bfQu\u00e9 es el CBD? Descubre el cannabinoide de la marihuana<\/title>\n<meta name=\"description\" content=\"Definici\u00f3n de CBD, el cannabinoide de la marihuana. Aprende todo sobre esta sustancia no psicotr\u00f3pica. \u2705 \u00a1SAL DE DUDAS AQU\u00cd \u2705\" \/>\n<meta name=\"robots\" content=\"index, follow, max-snippet:-1, max-image-preview:large, max-video-preview:-1\" \/>\n<link rel=\"canonical\" href=\"https:\/\/araecbd.shop\/blog\/que-es-el-cbd\/\" \/>\n<meta property=\"og:locale\" content=\"es_ES\" \/>\n<meta property=\"og:type\" content=\"article\" \/>\n<meta property=\"og:title\" content=\"\u25b7 \u00bfQu\u00e9 es el CBD? Descubre el cannabinoide de la marihuana\" \/>\n<meta property=\"og:description\" content=\"Definici\u00f3n de CBD, el cannabinoide de la marihuana. Aprende todo sobre esta sustancia no psicotr\u00f3pica. \u2705 \u00a1SAL DE DUDAS AQU\u00cd \u2705\" \/>\n<meta property=\"og:url\" content=\"https:\/\/araecbd.shop\/blog\/que-es-el-cbd\/\" \/>\n<meta property=\"og:site_name\" content=\"Arae CBD\" \/>\n<meta property=\"article:modified_time\" content=\"2019-02-16T23:45:02+00:00\" \/>\n<meta property=\"og:image\" content=\"https:\/\/araecbd.shop\/blog\/wp-content\/uploads\/molecula-cbd-representada-modelo-bolas-varillas.jpg\" \/>\n<meta name=\"twitter:card\" content=\"summary_large_image\" \/>\n<meta name=\"twitter:label1\" content=\"Est. reading time\" \/>\n\t<meta name=\"twitter:data1\" content=\"1 minute\" \/>\n<script type=\"application\/ld+json\" class=\"yoast-schema-graph\">{\"@context\":\"https:\\\/\\\/schema.org\",\"@graph\":[{\"@type\":\"WebPage\",\"@id\":\"https:\\\/\\\/araecbd.shop\\\/blog\\\/que-es-el-cbd\\\/\",\"url\":\"https:\\\/\\\/araecbd.shop\\\/blog\\\/que-es-el-cbd\\\/\",\"name\":\"\u25b7 \u00bfQu\u00e9 es el CBD? Descubre el cannabinoide de la marihuana\",\"isPartOf\":{\"@id\":\"https:\\\/\\\/araecbd.shop\\\/blog\\\/#website\"},\"primaryImageOfPage\":{\"@id\":\"https:\\\/\\\/araecbd.shop\\\/blog\\\/que-es-el-cbd\\\/#primaryimage\"},\"image\":{\"@id\":\"https:\\\/\\\/araecbd.shop\\\/blog\\\/que-es-el-cbd\\\/#primaryimage\"},\"thumbnailUrl\":\"https:\\\/\\\/araecbd.shop\\\/blog\\\/wp-content\\\/uploads\\\/molecula-cbd-representada-modelo-bolas-varillas.jpg\",\"datePublished\":\"2019-02-13T23:09:55+00:00\",\"dateModified\":\"2019-02-16T23:45:02+00:00\",\"description\":\"Definici\u00f3n de CBD, el cannabinoide de la marihuana. Aprende todo sobre esta sustancia no psicotr\u00f3pica. \u2705 \u00a1SAL DE DUDAS AQU\u00cd \u2705\",\"breadcrumb\":{\"@id\":\"https:\\\/\\\/araecbd.shop\\\/blog\\\/que-es-el-cbd\\\/#breadcrumb\"},\"inLanguage\":\"es\",\"potentialAction\":[{\"@type\":\"ReadAction\",\"target\":[\"https:\\\/\\\/araecbd.shop\\\/blog\\\/que-es-el-cbd\\\/\"]}]},{\"@type\":\"ImageObject\",\"inLanguage\":\"es\",\"@id\":\"https:\\\/\\\/araecbd.shop\\\/blog\\\/que-es-el-cbd\\\/#primaryimage\",\"url\":\"https:\\\/\\\/araecbd.shop\\\/blog\\\/wp-content\\\/uploads\\\/molecula-cbd-representada-modelo-bolas-varillas.jpg\",\"contentUrl\":\"https:\\\/\\\/araecbd.shop\\\/blog\\\/wp-content\\\/uploads\\\/molecula-cbd-representada-modelo-bolas-varillas.jpg\",\"width\":528,\"height\":263},{\"@type\":\"BreadcrumbList\",\"@id\":\"https:\\\/\\\/araecbd.shop\\\/blog\\\/que-es-el-cbd\\\/#breadcrumb\",\"itemListElement\":[{\"@type\":\"ListItem\",\"position\":1,\"name\":\"Portada\",\"item\":\"https:\\\/\\\/araecbd.shop\\\/blog\\\/\"},{\"@type\":\"ListItem\",\"position\":2,\"name\":\"\u00bfQu\u00e9 es el CBD?\"}]},{\"@type\":\"WebSite\",\"@id\":\"https:\\\/\\\/araecbd.shop\\\/blog\\\/#website\",\"url\":\"https:\\\/\\\/araecbd.shop\\\/blog\\\/\",\"name\":\"Arae CBD\",\"description\":\"Tienda online de productos con CBD, aceites, cremas, e l\u00edquidos, c\u00e1\u00f1amo...\",\"publisher\":{\"@id\":\"https:\\\/\\\/araecbd.shop\\\/blog\\\/#organization\"},\"potentialAction\":[{\"@type\":\"SearchAction\",\"target\":{\"@type\":\"EntryPoint\",\"urlTemplate\":\"https:\\\/\\\/araecbd.shop\\\/blog\\\/?s={search_term_string}\"},\"query-input\":{\"@type\":\"PropertyValueSpecification\",\"valueRequired\":true,\"valueName\":\"search_term_string\"}}],\"inLanguage\":\"es\"},{\"@type\":\"Organization\",\"@id\":\"https:\\\/\\\/araecbd.shop\\\/blog\\\/#organization\",\"name\":\"Arae CBD\",\"url\":\"https:\\\/\\\/araecbd.shop\\\/blog\\\/\",\"logo\":{\"@type\":\"ImageObject\",\"inLanguage\":\"es\",\"@id\":\"https:\\\/\\\/araecbd.shop\\\/blog\\\/#\\\/schema\\\/logo\\\/image\\\/\",\"url\":\"https:\\\/\\\/araecbd.shop\\\/blog\\\/wp-content\\\/uploads\\\/arae-cbd-shop.png\",\"contentUrl\":\"https:\\\/\\\/araecbd.shop\\\/blog\\\/wp-content\\\/uploads\\\/arae-cbd-shop.png\",\"width\":385,\"height\":100,\"caption\":\"Arae CBD\"},\"image\":{\"@id\":\"https:\\\/\\\/araecbd.shop\\\/blog\\\/#\\\/schema\\\/logo\\\/image\\\/\"}}]}<\/script>\n<!-- \/ Yoast SEO plugin. -->","yoast_head_json":{"title":"\u25b7 \u00bfQu\u00e9 es el CBD? Descubre el cannabinoide de la marihuana","description":"Definici\u00f3n de CBD, el cannabinoide de la marihuana. Aprende todo sobre esta sustancia no psicotr\u00f3pica. \u2705 \u00a1SAL DE DUDAS AQU\u00cd \u2705","robots":{"index":"index","follow":"follow","max-snippet":"max-snippet:-1","max-image-preview":"max-image-preview:large","max-video-preview":"max-video-preview:-1"},"canonical":"https:\/\/araecbd.shop\/blog\/que-es-el-cbd\/","og_locale":"es_ES","og_type":"article","og_title":"\u25b7 \u00bfQu\u00e9 es el CBD? Descubre el cannabinoide de la marihuana","og_description":"Definici\u00f3n de CBD, el cannabinoide de la marihuana. Aprende todo sobre esta sustancia no psicotr\u00f3pica. \u2705 \u00a1SAL DE DUDAS AQU\u00cd \u2705","og_url":"https:\/\/araecbd.shop\/blog\/que-es-el-cbd\/","og_site_name":"Arae CBD","article_modified_time":"2019-02-16T23:45:02+00:00","og_image":[{"url":"https:\/\/araecbd.shop\/blog\/wp-content\/uploads\/molecula-cbd-representada-modelo-bolas-varillas.jpg","type":"","width":"","height":""}],"twitter_card":"summary_large_image","twitter_misc":{"Est. reading time":"1 minute"},"schema":{"@context":"https:\/\/schema.org","@graph":[{"@type":"WebPage","@id":"https:\/\/araecbd.shop\/blog\/que-es-el-cbd\/","url":"https:\/\/araecbd.shop\/blog\/que-es-el-cbd\/","name":"\u25b7 \u00bfQu\u00e9 es el CBD? Descubre el cannabinoide de la marihuana","isPartOf":{"@id":"https:\/\/araecbd.shop\/blog\/#website"},"primaryImageOfPage":{"@id":"https:\/\/araecbd.shop\/blog\/que-es-el-cbd\/#primaryimage"},"image":{"@id":"https:\/\/araecbd.shop\/blog\/que-es-el-cbd\/#primaryimage"},"thumbnailUrl":"https:\/\/araecbd.shop\/blog\/wp-content\/uploads\/molecula-cbd-representada-modelo-bolas-varillas.jpg","datePublished":"2019-02-13T23:09:55+00:00","dateModified":"2019-02-16T23:45:02+00:00","description":"Definici\u00f3n de CBD, el cannabinoide de la marihuana. Aprende todo sobre esta sustancia no psicotr\u00f3pica. \u2705 \u00a1SAL DE DUDAS AQU\u00cd \u2705","breadcrumb":{"@id":"https:\/\/araecbd.shop\/blog\/que-es-el-cbd\/#breadcrumb"},"inLanguage":"es","potentialAction":[{"@type":"ReadAction","target":["https:\/\/araecbd.shop\/blog\/que-es-el-cbd\/"]}]},{"@type":"ImageObject","inLanguage":"es","@id":"https:\/\/araecbd.shop\/blog\/que-es-el-cbd\/#primaryimage","url":"https:\/\/araecbd.shop\/blog\/wp-content\/uploads\/molecula-cbd-representada-modelo-bolas-varillas.jpg","contentUrl":"https:\/\/araecbd.shop\/blog\/wp-content\/uploads\/molecula-cbd-representada-modelo-bolas-varillas.jpg","width":528,"height":263},{"@type":"BreadcrumbList","@id":"https:\/\/araecbd.shop\/blog\/que-es-el-cbd\/#breadcrumb","itemListElement":[{"@type":"ListItem","position":1,"name":"Portada","item":"https:\/\/araecbd.shop\/blog\/"},{"@type":"ListItem","position":2,"name":"\u00bfQu\u00e9 es el CBD?"}]},{"@type":"WebSite","@id":"https:\/\/araecbd.shop\/blog\/#website","url":"https:\/\/araecbd.shop\/blog\/","name":"Arae CBD","description":"Tienda online de productos con CBD, aceites, cremas, e l\u00edquidos, c\u00e1\u00f1amo...","publisher":{"@id":"https:\/\/araecbd.shop\/blog\/#organization"},"potentialAction":[{"@type":"SearchAction","target":{"@type":"EntryPoint","urlTemplate":"https:\/\/araecbd.shop\/blog\/?s={search_term_string}"},"query-input":{"@type":"PropertyValueSpecification","valueRequired":true,"valueName":"search_term_string"}}],"inLanguage":"es"},{"@type":"Organization","@id":"https:\/\/araecbd.shop\/blog\/#organization","name":"Arae CBD","url":"https:\/\/araecbd.shop\/blog\/","logo":{"@type":"ImageObject","inLanguage":"es","@id":"https:\/\/araecbd.shop\/blog\/#\/schema\/logo\/image\/","url":"https:\/\/araecbd.shop\/blog\/wp-content\/uploads\/arae-cbd-shop.png","contentUrl":"https:\/\/araecbd.shop\/blog\/wp-content\/uploads\/arae-cbd-shop.png","width":385,"height":100,"caption":"Arae CBD"},"image":{"@id":"https:\/\/araecbd.shop\/blog\/#\/schema\/logo\/image\/"}}]}},"_links":{"self":[{"href":"https:\/\/araecbd.shop\/blog\/wp-json\/wp\/v2\/pages\/109","targetHints":{"allow":["GET"]}}],"collection":[{"href":"https:\/\/araecbd.shop\/blog\/wp-json\/wp\/v2\/pages"}],"about":[{"href":"https:\/\/araecbd.shop\/blog\/wp-json\/wp\/v2\/types\/page"}],"author":[{"embeddable":true,"href":"https:\/\/araecbd.shop\/blog\/wp-json\/wp\/v2\/users\/1"}],"replies":[{"embeddable":true,"href":"https:\/\/araecbd.shop\/blog\/wp-json\/wp\/v2\/comments?post=109"}],"version-history":[{"count":4,"href":"https:\/\/araecbd.shop\/blog\/wp-json\/wp\/v2\/pages\/109\/revisions"}],"predecessor-version":[{"id":262,"href":"https:\/\/araecbd.shop\/blog\/wp-json\/wp\/v2\/pages\/109\/revisions\/262"}],"wp:attachment":[{"href":"https:\/\/araecbd.shop\/blog\/wp-json\/wp\/v2\/media?parent=109"}],"curies":[{"name":"wp","href":"https:\/\/api.w.org\/{rel}","templated":true}]}}